d 17508?
12
What is the greatest common factor of 40573719 and 51615?
333
Calculate the highest common factor of 233524247 and 22.
11
Calculate the greatest common factor of 29204609 and 371.
7
What is the highest common divisor of 330708 and 55626?
762
What is the greatest common factor of 12164 and 796?
4
Calculate the highest common divisor of 1092 and 2701972.
364
What is the greatest common divisor of 1318299714 and 37?
37
What is the highest common divisor of 603 and 58043976?
201
What is the highest common factor of 5510 and 1307770?
190
What is the greatest common factor of 5548475 and 475?
475
What is the highest common factor of 9236534 and 47?
47
What is the greatest common factor of 99676974 and 219?
219
Calculate the highest common divisor of 125993541 and 228.
57
What is the greatest common divisor of 14625366 and 235?
47
Calculate the greatest common factor of 28 and 57321068.
28
What is the greatest common factor of 4 and 10557672?
4
Calculate the highest common divisor of 801 and 73266462.
9
What is the greatest common factor of 182204 and 1501830?
902
Calculate the greatest common factor of 92033559 and 8091.
261
Calculate the highest common factor of 1200 and 80818800.
1200
What is the highest common divisor of 420 and 4535580?
420
What is the greatest common divisor of 1952285 and 75195?
2785
Calculate the highest common factor of 94937882 and 897.
299
Calculate the greatest common divisor of 11804 and 109642.
26
Calculate the highest common factor of 20897460 and 1350.
270
Calculate the greatest common divisor of 1224252 and 180.
36
Calculate the greatest common divisor of 84 and 7534182936.
84
What is the highest common divisor of 301 and 21699090?
301
What is the highest common divisor of 168 and 30999816?
24
Calculate the highest common factor of 3528 and 338562.
126
What is the greatest common divisor of 76631425 and 975?
325
What is the highest common factor of 7600 and 2603950?
950
What is the highest common factor of 34234672 and 82?
82
What is the highest common divisor of 9169 and 1517037?
173
What is the greatest common factor of 11337582 and 732?
366
Calculate the greatest common factor of 2113956 and 3744.
468
Calculate the greatest common factor of 11366716 and 12.
4
Calculate the highest common divisor of 9 and 328002.
3
What is the highest common factor of 48043633 and 33?
11
What is the greatest common divisor of 9482704 and 11?
11
Calculate the greatest common factor of 1745 and 275532010.
1745
What is the highest common divisor of 17076536 and 1240?
248
Calculate the highest common factor of 6417543 and 3.
3
What is the highest common divisor of 5278 and 46133490?
754
Calculate the greatest common factor of 446744049 and 159.
159
What is the highest common divisor of 21896548 and 64?
4
Calculate the highest common factor of 2078391 and 3507.
21
What is the greatest common factor of 265668264 and 8928?
2232
What is the greatest common divisor of 74896 and 629066?
302
What is the highest common divisor of 88638 and 176154?
1122
Calculate the highest common divisor of 2301 and 11925493.
59
What is the greatest common divisor of 6044753 and 44239?
533
What is the highest common factor of 765 and 389004370?
85
Calculate the highest common factor of 8933947 and 55.
11
Calculate the greatest common divisor of 95403 and 10437.
147
Calculate the highest common factor of 18234 and 1170594.
18
Calculate the greatest common divisor of 538279 and 2419046.
917
Calculate the greatest common factor of 5100 and 463700.
100
What is the greatest common divisor of 3166241 and 29783?
1027
Calculate the highest common factor of 608 and 12741096.
152
Calculate the highest common factor of 3060148 and 1179724.
2548
Calculate the greatest common divisor of 17618 and 4947594.
766
Calculate the greatest common factor of 18858463 and 52.
13
Calculate the greatest common factor of 393 and 4314.
3
What is the greatest common factor of 4849 and 25101781?
373
What is the highest common divisor of 57120 and 193800?
2040
What is the highest common divisor of 2409472 and 1068624?
2896
Calculate the greatest common divisor of 45969077 and 22.
11
What is the highest common divisor of 223560 and 208008?
1944
Calculate the greatest common factor of 1862454 and 198.
66
Calculate the greatest common factor of 309774131 and 295.
59
What is the highest common factor of 1262 and 117879634?
1262
Calculate the greatest common divisor of 3228854 and 1660486.
2362
What is the greatest common factor of 17948 and 492016?
28
Calculate the greatest common divisor of 13843110 and 30.
30
What is the greatest common divisor of 16873121 and 19?
19
What is the highest common divisor of 596544 and 117260?
52
Calculate the highest common factor of 1353150 and 93150.
450
What is the greatest common divisor of 3023238 and 36?
6
Calculate the highest common factor of 460 and 4303660.
20
Calculate the highest common factor of 4012516 and 8184.
124
What is the greatest common factor of 1162528 and 3192678?
4274
What is the highest common divisor of 16575561 and 17367?
2481
Calculate the greatest common factor of 3280830 and 15470.
1190
Calculate the highest common factor of 30200 and 39800.
200
What is the highest common factor of 125901316 and 1735?
347
What is the greatest common divisor of 2849 and 23515261?
77
Calculate the highest common factor of 143 and 212174.
1
What is the greatest common divisor of 4736 and 6037253?
37
What is the greatest common factor of 6322944 and 30?
6
What is the highest common factor of 22253 and 2491027?
1309
What is the greatest common factor of 412 and 93827129?
103
Calculate the highest common divisor of 55 and 3392865.
5
What is the highest common divisor of 1252 and 318101900?
1252
What is the greatest common divisor of 14 and 254808491?
7
What is the highest common divisor of 2414 and 140352?
34
What is the highest common divisor of 12 and 309964938?
6
What is the greatest common divisor of 8246 and 103292?
434
Calculate the greatest common divisor of 4941 and 4743360.
4941
What is the highest common factor of 15620391 and 81?
27
Calculate the greatest common divisor of 108 and 47963592.
36
Calculate the greatest common factor of 5359307 and 371.
53
What is the highest common factor of 228396520 and 10?
10
Calculate the greatest common divisor of 12566 and 261002.
206
What is the greatest common factor of 180024416 and 132?
44
What is the greatest common divisor of 21079811 and 3131?
101
What is the greatest common factor of 67563142 and 354?
118
What is the greatest common factor of 3279 and 39285699?
3279
Calculate the highest common divisor of 128657592 and 147.
21
What is the greatest common factor of 144796055 and 11305?
1615
Calculate the highest common factor of 24056130 and 455.
35
What is the highest common factor of 975 and 733175?
25
Calculate the greatest common factor of 159479 and 156321.
1579
Calculate the highest common factor of 492 and 13728768.
492
Calculate the greatest common divisor of 451980 and 52452.
1116
Calculate the greatest common divisor of 415903357 and 487.
487
Calculate the greatest common divisor of 42408 and 2430214.
1178
What is the highest common divisor of 96696 and 6399?
711
What is the greatest common divisor of 35040 and 135500?
20
Calculate the greatest common divisor of 291489973 and 133688.
16711
Calculate the greatest common factor of 262 and 8328194.
262
What is the highest common factor of 6775350 and 6018?
102
What is the highest common divisor of 1248 and 39801840?
624
What is the highest common divisor of 67804548 and 1428?
84
What is the greatest common factor of 360840 and 1399340?
620
What is the greatest common divisor of 245 and 96108355?
245
What is the highest common factor of 6 and 115252548?
6
What is the greatest common factor of 55637648 and 5016?
88
What is the greatest common divisor of 135438014 and 306?
34
What is the greatest common factor of 2538649599 and 5701?
5701
What is the highest common factor of 9287980 and 520?
260
Calculate the highest common factor of 1099076 and 198.
22
What is the highest common divisor of 3312 and 4549032?
1656
What is the highest common divisor of 2 and 4113526?
2
Calculate the greatest common divisor of 7617 and 266688943.
2